 = 4*j - 104. Suppose 3*f = -q + j, -4*q = 5*f - 43 + 8. Calculate the highest common divisor of 22 and f.
11
Suppose -44 = 6*v - 14. Let x be (-50)/(-3)*(-2 - v). Calculate the greatest common divisor of x and 10.
10
Let j(i) = i**2 + i - 67. Let z be j(9). What is the highest common factor of 414 and z?
23
Let i(w) = -w**2 - 7*w + 2. Let q be i(-6). Let k be -1 + 3 + (q - 11). Let f be 19 - ((1 - -1) + k). What is the greatest common divisor of f and 18?
18
Let g(i) = 3*i**2 - 47*i + 295. Let y be g(6). What is the greatest common factor of y and 220?
11
Let x be (54/(-7))/(909/(-126) + 7). What is the highest common divisor of 132 and x?
12
Suppose 0 = 37*r - 29*r - 104. Calculate the greatest common factor of 13 and r.
13
Suppose 5*c + 2*h = 22, -3*c + 4*h = 6*h - 10. What is the highest common factor of c and 642?
6
Let i(p) = 22*p - 42. Let o be i(3). Calculate the greatest common factor of 88 and o.
8
Suppose 0 = 22*w + 109*w - 9432. What is the highest common factor of w and 48?
24
Let t = 5 - 0. Suppose 199 = 4*q - t*a, q + 0*q = 2*a + 46. Calculate the greatest common divisor of q and 7.
7
Let s = 1856 + -1848. Calculate the highest common divisor of s and 6.
2
Suppose 365*z + 784 = 373*z. What is the highest common divisor of z and 70?
14
Let f be (764/6)/((-4)/6). Let x = -99 - f. Calculate the greatest common divisor of x and 138.
46
Let r(x) = 2*x**2 - 5*x + 5. Let v be r(4). Let p = 720 + -635. What is the greatest common divisor of v and p?
17
Let l be 18865/203 - (-10)/145. What is the greatest common divisor of 6 and l?
3
Let n be -2 + (-48)/(-26) - 1026/(-247). What is the greatest common factor of n and 32?
4
Suppose i - 6 = -2*k + 5*i, 0 = -2*k - 3*i + 34. What is the greatest common divisor of k and 2?
1
Let s(b) = 8*b**2 - b - 8*b**2 + 32 - b**2. Let c be s(-6). What is the greatest common factor of c and 22?
2
Let y(a) = -3*a**2 + 2 + 2 - 3*a**3 - 2*a + 0*a**3 + 5*a**3. Let c be y(2). What is the greatest common divisor of 2 and c?
2
Let q(b) = 13*b**2 - 1. Let c be q(1). Suppose 0 = 3*w - t - 44, -4*w + 8*t = 4*t - 48. Calculate the highest common factor of w and c.
4
Let o = -82 + 5. Let i = o - -83. What is the highest common factor of 198 and i?
6
Suppose -2*m + 1107 = 5*o - 2*o, 5*o - 2770 = -5*m. Suppose 4*h - m = -h. Calculate the greatest common divisor of 74 and h.
37
Suppose f + 34 = -w + 184, -5*w = 4*f - 605. What is the greatest common divisor of f and 15?
5
Let t be 13/52 - 145*(-19)/4. What is the greatest common divisor of 13 and t?
13
Let d be (55/11)/(2/10). Suppose h - d = 2*a, 0 = a - 4*a - 9. Calculate the highest common factor of 133 and h.
19
Let h(x) be the first derivative of -2*x**2 - 8*x + 6. Let o be h(-7). Calculate the greatest common divisor of 60 and o.
20
Suppose 5*a + d = 47, 4*a - 5*d - 71 = -16. What is the greatest common divisor of 190 and a?
10
Let a(k) = -14*k - 342. Let u be a(-33). What is the greatest common factor of 80 and u?
40
Suppose -4*l = 5*p - 0*p - 72, 0 = -l + 3*p + 35. Calculate the greatest common divisor of l and 23.
23
Suppose 6*g - 9*g = -102. Let a = g + -9. Calculate the greatest common divisor of 5 and a.
5
Let t = 5 - 1. Suppose 3*z + 16 = t*q, -2*z = -2*q - 6*z + 8. Let k be 6/8 - (-69)/q. Calculate the highest common factor of k and 36.
18
Suppose -2*f = -2*p - 3 + 9, -4*f = 8. Let w be (56/6 - p)/(6/18). Calculate the highest common divisor of 25 and w.
25
Let m(f) be the first derivative of -5*f**2/2 + 18*f - 42. Let o be m(2). Calculate the highest common factor of 24 and o.
8
Let c = 125 + -111. What is the highest common factor of c and 42?
14
Let j = -102 - -143. What is the greatest common divisor of j and 287?
41
Let c be (-7)/(-14) - 13/(-2). Let v be c - (1/2)/(4/24). What is the greatest common divisor of 10 and v?
2
Suppose -f - 14 = 4*v - 123, 0 = -4*f + 5*v + 394. Suppose -2*z + 5*z = -4*y + f, -5*z = -y + 54. What is the highest common divisor of y and 319?
29
Suppose 2*v + 2 = -2*s, 5*v - 5*s + 32 = -s. Let h be (36/45)/(v/(-50)). Let t = 25 - 10. Calculate the greatest common factor of t and h.
5
Suppose 15*p + 3*g = 12*p + 105, 2*p - 2*g = 78. Calculate the greatest common factor of 259 and p.
37
Let f = 5820 - 4060. Calculate the highest common divisor of f and 22.
22
Let r be ((-36)/10)/(32/200)*-4. Let m = r - 14. Calculate the greatest common factor of m and 19.
19
Let c(v) = 3*v**2 - v + 279. Let a be c(0). Calculate the greatest common factor of 31 and a.
31
Let j be (-114)/8*(-64)/16. What is the greatest common factor of 247 and j?
19
Let h be ((-17)/(595/(-42)))/(3/35). What is the greatest common divisor of h and 98?
14
Let h = -572 + 1111. What is the greatest common divisor of h and 308?
77
Let f(y) = -y**3 + 5*y**2 + 3. Let m be f(5). Suppose m*r - 181 = -4*s, 0 = 2*r + s + 2*s - 122. Calculate the highest common divisor of r and 22.
11
Let c be (10/(-6))/(-1)*3. Let l = -75 + 81. Let o be (((-15)/9)/(-1))/(2/l). Calculate the highest common divisor of c and o.
5
Let w = -770 + 1066. Calculate the greatest common factor of 185 and w.
37
Let p(g) = 2*g - 13. Let b be p(4). Let f be (22/55 - (-52)/b)*-2. Let a be 0 + -1*-2*15. What is the highest common divisor of f and a?
10
Let d(o) = o**3 + 62*o**2 - 37*o + 44. Let w be d(-62). What is the greatest common factor of 14 and w?
14
Let j be (1/1)/(7 + 1467/(-210)). Let m be (-210)/(-4)*(-20)/(-6). Calculate the highest common factor of j and m.
35
Suppose 4*b + 1 = 53. Suppose -3*h = -6*h - 315. Let s be h/(-3) - (-5 - -1). Calculate the highest common factor of s and b.
13
Suppose 3*r + 3 = 0, 5*l - 5*r + 0*r - 15 = 0. Suppose -35 = -7*t - 7. Calculate the greatest common factor of l and t.
2
Let k = 65 + -32. Calculate the greatest common factor of k and 1.
1
Let z(b) = -b + 14. Let u = 16 + -5. Let x be z(u). Suppose -x = -v, 0*v = -3*s + v + 51. What is the highest common divisor of s and 6?
6
Let h be (-3 + 2 + 4)/(39/13). Calculate the greatest common divisor of h and 43.
1
Suppose -4*g + 200 = -2*o, 5*o = -2*g + 7*o + 96. Let p(i) = -i**2 + 9*i - 5. Let x be p(6). Calculate the greatest common divisor of g and x.
13
Suppose -3*g - j = -5*g + 19, -4*j = -3*g + 16. Let k = 32 - -34. Let m = k - 60. Calculate the greatest common divisor of m and g.
6
Let d(m) = -21*m + 294. Let v be d(13). Suppose 0 = 4*t - 5*u - 756, -4*u = -t - 3*t + 756. Calculate the greatest common divisor of t and v.
21
Suppose 0 = -t + 4*t - 270. Let o be (-353)/(-9) - 20/t. Calculate the greatest common divisor of o and 13.
13
Suppose i - c = 97, -4*i - 2*c + 202 = -2*i. Suppose 5*z - 4*z + i = 3*o, o - 2*z - 28 = 0. Calculate the greatest common divisor of o and 17.
17
Let x be (240/(-9))/10*-18. Calculate the highest common divisor of x and 112.
16
Suppose -y - 128 = -5*y. Let r(l) = -l**3 - 4*l**2 - 2*l - 4. Let z be r(-4). Calculate the greatest common factor of y and z.
4
Suppose 2*c - 45 = -r, 0 = -r + 8*c - 7*c + 33. Calculate the highest common factor of r and 3589.
37
Let h(r) be the second derivative of -r**5/20 + r**4 - r**3/3 - r**2/2 + 16*r. Let p be h(9). What is the highest common factor of 28 and p?
28
Let g(h) = 49*h - 238. Let f be g(14). Calculate the highest common divisor of 196 and f.
28
Let p = 2349 - 2337. Let h(k) = 48*k. Let f be h(1). What is the highest common divisor of p and f?
12
Suppose -11 = -f + 3*j, 0*j - j + 1 = 2*f. Suppose -f*m + v - 3*v = 28, 2 = m - 3*v. Let y be (-12)/21*385/m. Calculate the greatest common factor of y and 2.
2
Suppose 6*k - 5*i = 9352, 4*k - 3*k = 3*i + 1550. What is the highest common divisor of k and 22?
22
Suppose -3*p = 4*n - 2087, 4*n - p + 3*p = 2082. What is the greatest common divisor of n and 14?
14
Let j(n) = n**2 - 4*n - 6. Let k = 3 + 1. Suppose 0*y - 3*y - 4*c + 26 = 0, -y = -k*c + 2. Let r be j(y). Calculate the greatest common divisor of r and 15.
3
Let x be (-6)/(8/(-16)*4/344). Calculate the highest common divisor of x and 24.
24
Let b be -7 + -3*(-3)/9. Let u = -4 - b. Suppose 3*p - 16 = 5*w, 4*p + 80*w - 2 = 77*w. Calculate the greatest common factor of p and u.
2
Let n be 28 - (5 - 4)/1. Calculate the greatest common factor of 36 and n.
9
Let k be (-52)/((-7)/((-49)/(-14))). What is the highest common factor of 52 and 